3)/9). Suppose 0 = -v*p + 140 + 120. What is the highest common factor of 13 and p?
13
Let g = 656 - 446. Suppose g = 6*s - s. Calculate the greatest common divisor of 6 and s.
6
Let z be 4/6*12/2. Suppose 9 = z*l - 15. Suppose 5*k - i - 14 - 2 = 0, 12 = 5*k + 3*i. What is the greatest common factor of k and l?
3
Let g be (-10 - 2)/2*-1. Suppose 2*s = -s + g. Suppose 2*l = a - s*a + 256, 3*l + a - 382 = 0. What is the greatest common divisor of 14 and l?
14
Let y = -4 + 6. Suppose 4*u + 2*v - 90 = 0, y*u + 5*v - 24 = 33. What is the greatest common divisor of u and 231?
21
Let i(k) = k**2 + k - 2. Let h be i(-3). Suppose t + 2*j = 34, h*t - 111 = -3*j + 10. What is the highest common divisor of t and 42?
14
Let p = -388 + 729. Calculate the greatest common factor of p and 31.
31
Let t(o) = o**2 + 19*o - 18. Let c be t(-21). What is the highest common divisor of c and 48?
24
Let a(f) = 335*f - 2. Let h be a(1). What is the greatest common divisor of h and 37?
37
Let f(l) = l**2 + 3*l - 4. Let y be f(-3). Let o(k) = -11*k - 4. Let c be o(y). Let u = c + 10. What is the greatest common factor of 10 and u?
10
Suppose p - 6 = -0*p. Let n be ((-16)/p)/(4/(-6)). What is the greatest common divisor of 44 and n?
4
Suppose -3*s + 105 + 30 = 0. Calculate the greatest common divisor of s and 30.
15
Suppose h + 2*z - 11 = 0, 0*h + 2*z - 22 = -2*h. Let c = 2 + 9. What is the greatest common factor of c and h?
11
Let a(z) = -4*z - 3. Let t be a(-6). Suppose 0 = -0*q - 4*q. Suppose q = -4*b + b + t. Calculate the highest common divisor of 63 and b.
7
Suppose -71*c = -62*c - 1584. Calculate the highest common divisor of c and 16.
16
Let h be ((-36)/8)/((-2)/4). Let m be (-6)/(-3) - (-183)/3. Calculate the greatest common factor of m and h.
9
Let q(r) = r**2 - r + 50. Let h be q(0). Suppose 4*o + 14 = h. Let f be (-2)/(-8) + (-323)/(-4). Calculate the greatest common divisor of f and o.
9
Let d(v) = v**2 + 10*v - 3. Let q be d(-12). What is the greatest common divisor of q and 42?
21
Let f be (-100)/(-6) + 2/(-3). Let b be f/10 - (-8)/20. Let h be 5/2*4/5. What is the highest common divisor of h and b?
2
Suppose d - 60 = -3*d. Suppose -b = -3*b + 8. Suppose b*r - 548 + 113 = -3*j, 0 = -2*r - 4*j + 230. Calculate the highest common divisor of d and r.
15
Let j(b) = b + 11. Let h be j(-8). Suppose 0 = -h*a + 28 + 92. Calculate the highest common factor of 5 and a.
5
Let q = -9 - -6. Let m be (28/2)/(-2)*q. Let p = m + -6. Calculate the highest common divisor of p and 75.
15
Let p = 4 - 2. Suppose -203 = -p*f + 237. What is the highest common divisor of 20 and f?
20
Let f(q) = -q**2 + 13*q - 20. Let b be f(8). Suppose -5*u + 280 = -b. Calculate the highest common factor of 30 and u.
30
Suppose -4*s - 45 = -3*j, 5*j - 62 = -3*s + 13. Suppose -j = 2*x - 135. Calculate the highest common divisor of 12 and x.
12
Suppose -5 = -x - 4. Suppose -3*s = -4*i + 35, s = x + 2. Suppose -r + 16 + i = 0. What is the greatest common factor of 3 and r?
3
Let a(f) = -19*f + 9. Let n be a(7). Let c be 2 - 0 - n/2. Let r = -29 + c. Calculate the greatest common factor of 14 and r.
7
Let l be ((-22)/6)/((-1)/3). Let r = 14 - 11. Suppose -3*u + 137 = 6*y - y, 3*y - 135 = -r*u. What is the highest common factor of u and l?
11
Let u(k) = 51*k**2 + k + 2. Let y be u(2). Let d be 4/(-10) - y/(-20). What is the greatest common divisor of d and 10?
10
Let n = -3 + 3. Suppose 12 = -n*q + 2*q. Let v be (-28)/(-6)*(13 - 4). What is the greatest common divisor of q and v?
6
Suppose 27*p - 30 = 24*p. Suppose -5*q - 105 = -3*j, 6*j + 3*q - 81 = 3*j. What is the highest common factor of p and j?
10
Let u be ((-6)/9)/(1/(-30)). Suppose -c = -6 + 3. Suppose 0 = -3*i - c*j - 37 + 178, -j = 3*i - 147. Calculate the highest common factor of u and i.
10
Let r(o) = 2*o**2 - 3*o. Let v be r(2). Suppose -v*f - 2*p - 52 = 0, 23 = -f + 4*p - 6*p. Let n = 49 + f. Calculate the greatest common divisor of n and 30.
10
Let d be 2 + 12 + (0/(-4) - -2). Calculate the highest common divisor of d and 64.
16
Suppose 5*a + 8*a - 104 = 0. Suppose 19 = -4*x + 83. What is the greatest common factor of x and a?
8
Let z = 148 + 72. Calculate the highest common factor of 20 and z.
20
Let i(p) = -31*p - 1. Let y be i(-1). Calculate the highest common factor of y and 75.
15
Suppose -5*o + 55 = -3*t, t + 22 + 1 = 2*o. Calculate the highest common divisor of 7 and o.
7
Let i(t) = t**2 + 9*t - 13. Let m be i(-13). What is the greatest common divisor of m and 195?
39
Suppose -4*j + 2*j = -8. Suppose 2*d = 4*d + j, -2*s = -d - 24. Suppose 2*a = -2*z + 14, -5*a - 75 = -4*z - s. What is the highest common factor of 121 and z?
11
Let v = 37 + 18. Calculate the greatest common factor of 11 and v.
11
Suppose k = -4*i + 146, -2*k - 2*i - 2*i = -308. What is the greatest common divisor of 18 and k?
18
Suppose -20 = o - 2*o. What is the highest common divisor of 160 and o?
20
Let b be 42/8 + (-1)/4. Suppose -6*g + g + b = 0. Calculate the greatest common factor of g and 1.
1
Let m = 208 + -120. What is the highest common divisor of 66 and m?
22
Let q(h) = -h**3 + 2*h**2 - h + 1. Let t be (0 - 1) + 1 - -1. Let x be q(t). Let i be x*-2 - 6*-2. Calculate the greatest common divisor of 110 and i.
10
Suppose -4*d + 0*d - 4*p = -80, 0 = 4*d - p - 55. Let k = d + -7. Let q be (15*(-1)/4)/(30/(-160)). What is the greatest common factor of k and q?
4
Let x = 36 - 25. What is the greatest common factor of x and 110?
11
Let n be -30*(3/7 - (-333)/(-189)). Calculate the highest common divisor of 24 and n.
8
Suppose -42 = -5*n + 3*x + 6, -2*n + x + 19 = 0. Let i be (-2)/7 + 270/14. Let d = i - 13. What is the greatest common factor of d and n?
3
Let z be 1/(-4) - 54/8. Let o = 4 + 7. Let l = o + z. Calculate the highest common divisor of 12 and l.
4
Let h(l) = -5*l - 4. Let x be h(-5). What is the greatest common divisor of 14 and x?
7
Let y(a) = 192*a - 7. Let v be y(7). Let g be v/21 + (-4)/6. Suppose m - 5*m + 36 = 0. Calculate the greatest common factor of g and m.
9
Let w(s) = s**2 + 12*s + 4. Let j be w(-12). Calculate the highest common factor of 12 and j.
4
Let n = -4 + 8. Suppose -2*f = 2*m + 2*f - 12, -m + 30 = -n*f. Let v(d) = -14*d. Let t be v(-1). What is the greatest common factor of t and m?
14
Let j(g) = -g**2 - 9*g - 5. Let l be j(-8). Suppose v - 22 = -a, -l*v + 2*a - 16 = -92. What is the highest common divisor of v and 6?
6
Suppose 46 = t + 2*v, 3*v + 5 = 2. Let w = 39 + -27. What is the greatest common factor of w and t?
12
Let j(t) = t**2 - t + 3. Let s be j(2). What is the highest common divisor of s and 25?
5
Let k = -10 - -13. Suppose -3*g - 36 = -k*i, -i - 8 = -4*i - 4*g. What is the greatest common divisor of 88 and i?
8
Let o(f) = f + 17. Suppose -2*k = -3*w - 12 - 11, -5*w - 29 = -2*k. Let g be o(k). What is the greatest common divisor of g and 3?
3
Let z = -32 + 143. What is the greatest common factor of 37 and z?
37
Let g be 6/(-4) + 168/16. Suppose g = 3*a, 5*v + 3*a - 31 = a. What is the highest common divisor of v and 20?
5
Suppose -2*i - 20 = -68. Suppose -4 = r - i. Calculate the greatest common divisor of 50 and r.
10
Let c = -29 - -17. Let d be (c/8)/(2/(-8)). What is the highest common divisor of d and 18?
6
Let c(z) = z**3 + 9*z**2 + 8*z + 12. Let b be c(-8). Suppose -5*t + 74 + 226 = 0. Calculate the greatest common divisor of t and b.
12
Suppose 5*m - 8 = 2. Let f = 3 + m. Suppose c = 3*s - s + 4, f*c - 8 = -2*s. What is the greatest common divisor of c and 2?
2
Let l = 150 - 116. What is the highest common divisor of l and 85?
17
Let k be 4 + 4 + 0 + 3. Calculate the greatest common factor of k and 99.
11
Suppose -c - 19 = -2*c. Suppose -c = 5*o - 89. Suppose 0 = -h + 1 + 1. What is the highest common factor of h and o?
2
Let b = 10 - 7. Let k = 4 - b. Calculate the highest common factor of k and 5.
1
Let w be (4/6)/((-2)/(-132)). Let k(h) = -h. Let g(j) = -5*j + 3. Let b(l) = -g(l) + 4*k(l). Let f be b(7). Calculate the highest common divisor of f and w.
4
Suppose 2*i - 12 = i. Let h be -8*-2*(-5)/(-20). Calculate the greatest common divisor of h and i.
4
Let d(n) = n**3 - 6*n**2 + 3*n - 5. Let j be d(6). What is the highest common divisor of j and 65?
13
Suppose 3*t = 48 + 249. Let k(f) = -f**2 + 6*f + 